{"id":2749,"date":"2013-04-04T13:13:28","date_gmt":"2013-04-04T11:13:28","guid":{"rendered":"http:\/\/www.bg45.de\/?page_id=2749"},"modified":"2014-03-15T13:18:52","modified_gmt":"2014-03-15T12:18:52","slug":"strategien","status":"publish","type":"page","link":"http:\/\/www.bg45.de\/index.php\/rat-tat\/strategien\/","title":{"rendered":"Strategien"},"content":{"rendered":"<h3>Strategien im Umgang mit dem JobCenter<\/h3>\n<p>Wir haben eine kleine Liste mit Strategien zusammengestellt, die wir Ihnen w\u00e4rmstens ans Herz legen m\u00f6chten. Sie ist hilfreich in Hinblick zur Wahrung ihrer Rechte und Anspr\u00fcche. Entstanden ist sie sowohl durch unsere regelm\u00e4\u00dfigen Erfahrungen und Erkenntnisse im Umgang mit dem JobCenter, als auch durch diejenigen, die die Hilfestellungen unseres Vereins nutzen.<\/p>\n<ul>\n<li>ALLE Antr\u00e4ge IMMER schriftlich stellen &#8211; nie abwimmeln lassen<\/li>\n<li>M\u00fcndliche Ablehnungen immer schriftlich best\u00e4tigen lassen<\/li>\n<li>Die Abgabe von Antr\u00e4gen (und Unterlagen) schriftlich best\u00e4tigen lassen (Stempel und Unterschrift)<\/li>\n<li>Keine teuren Einschreiben, wenn m\u00f6glich per Fax, auch Widerspr\u00fcche<\/li>\n<li>Bei Einwurf in den JobCenter-Briefkasten: Datum, Zeit, Name eines Zeugen notieren, dann erst Umschlag verschlie\u00dfen und einwerfen<\/li>\n<li>Bei Problemen das Kundenreaktionsmanagement und die Gesch\u00e4ftsf\u00fchrung der ARGE auffordern einzugreifen<\/li>\n<li>Folgeantrag rechtzeitig stellen &#8211; 6 Wochen vorher<\/li>\n<li>Nicht alleine das JobCenter aufsuchen &#8211; immer eine Begleitung mitnehmen<\/li>\n<li>(Rechts-)Beratung aufsuchen<\/li>\n<li>Untereinander austauschen und vernetzen<\/li>\n<\/ul>\n<p>Insbesondere der letzte Punkt verdient besondere Beachtung. Sie stehen mit Ihrem Problemen nicht alleine. In Essen sind \u00fcber 82.000 Menschen im Leistungsbezug (Stand: 2013). Wenn diese sich untereinander austauschen und vernetzen w\u00fcrden, w\u00fcrde in dieser Stadt, die als Optionskommune f\u00fcr Hartz\u00a04 verantwortlich ist, einiges anders laufen. Ein Punkt, der des Nachdenkens w\u00fcrdig ist.<\/p>\n<p>Diese Liste der Strategien im Umgang mit dem JobCenter erhebt keinen Anspruch auf Vollst\u00e4ndigkeit und wird von uns, in regelm\u00e4\u00dfigen Abst\u00e4nden, \u00fcberarbeitet. Selbstverst\u00e4ndlich k\u00f6nnen Sie uns Ihre eigenen Erfahrungen, Anregungen und Strategien mitteilen. Wir werden diese pr\u00fcfen und ggf. in die Liste mit aufnehmen. Vielen Dank im Vorraus, f\u00fcr Ihre Mitwirkung.<\/p>\n","protected":false},"excerpt":{"rendered":"<p>Strategien im Umgang mit dem JobCenter Wir haben eine kleine Liste mit Strategien zusammengestellt, die wir Ihnen w\u00e4rmstens ans Herz legen m\u00f6chten. Sie ist hilfreich in Hinblick zur Wahrung ihrer Rechte und Anspr\u00fcche. Entstanden ist sie sowohl durch unsere regelm\u00e4\u00dfigen Erfahrungen und Erkenntnisse im Umgang mit dem JobCenter, als auch&#8230; <a class=\"continue-reading-link\" href=\"http:\/\/www.bg45.de\/index.php\/rat-tat\/strategien\/\"> Weiterlesen <span class=\"meta-nav\">&rarr; <\/span><\/a><\/p>\n","protected":false},"author":8,"featured_media":0,"parent":2742,"menu_order":42,"comment_status":"closed","ping_status":"closed","template":"","meta":{"footnotes":""},"class_list":["post-2749","page","type-page","status-publish","hentry"],"_links":{"self":[{"href":"http:\/\/www.bg45.de\/index.php\/wp-json\/wp\/v2\/pages\/2749","targetHints":{"allow":["GET"]}}],"collection":[{"href":"http:\/\/www.bg45.de\/index.php\/wp-json\/wp\/v2\/pages"}],"about":[{"href":"http:\/\/www.bg45.de\/index.php\/wp-json\/wp\/v2\/types\/page"}],"author":[{"embeddable":true,"href":"http:\/\/www.bg45.de\/index.php\/wp-json\/wp\/v2\/users\/8"}],"replies":[{"embeddable":true,"href":"http:\/\/www.bg45.de\/index.php\/wp-json\/wp\/v2\/comments?post=2749"}],"version-history":[{"count":11,"href":"http:\/\/www.bg45.de\/index.php\/wp-json\/wp\/v2\/pages\/2749\/revisions"}],"predecessor-version":[{"id":8475,"href":"http:\/\/www.bg45.de\/index.php\/wp-json\/wp\/v2\/pages\/2749\/revisions\/8475"}],"up":[{"embeddable":true,"href":"http:\/\/www.bg45.de\/index.php\/wp-json\/wp\/v2\/pages\/2742"}],"wp:attachment":[{"href":"http:\/\/www.bg45.de\/index.php\/wp-json\/wp\/v2\/media?parent=2749"}],"curies":[{"name":"wp","href":"https:\/\/api.w.org\/{rel}","templated":true}]}}