{"id":2746,"date":"2013-04-04T13:11:19","date_gmt":"2013-04-04T11:11:19","guid":{"rendered":"http:\/\/www.bg45.de\/?page_id=2746"},"modified":"2026-02-06T12:29:49","modified_gmt":"2026-02-06T11:29:49","slug":"beratung","status":"publish","type":"page","link":"http:\/\/www.bg45.de\/index.php\/rat-tat\/beratung\/","title":{"rendered":"Beratung"},"content":{"rendered":"\n<h3 class=\"wp-block-heading\">Wer seine Rechte nicht wahrnimmt, verliert sie!<\/h3>\n\n\n\n<p>Die Zahl der Leistungsberechtigten in Essen schwankt seit 2005, der Einf\u00fchrung der Agenda 2010, bis heute zwischen 80.000 und 82.000 (Letzter Stand von <a title=\"\u00dcber uns\" href=\"http:\/\/www.bg45.de\/index.php\/uber-uns\/\">2013<\/a>). Zu dieser Zahl kommen noch ca.&nbsp;7.500 SGB&nbsp;XII-Leistungsbezieher (also Grundsicherung im Alter). Ein gro\u00dfer Teil der Bescheide ist falsch berechnet, meist zuungunsten der Leistungsberechtigten. Mit Einf\u00fchrung der Optionskommune ab Januar 2012 werden zudem die Bescheide nicht mehr rechtzeitig versendet. Problematisch bleiben weiterhin Berechnungsfehler bei Kosten der Unterkunft (KdU), Alleinerziehendenpauschale, Warmwasseraufbereitungspauschale,&nbsp; Versicherungspauschale, Mehrbedarfe, Umzugskosten, Verrechnung von zuflie\u00dfendem Einkommen. Die Aufz\u00e4hlung k\u00f6nnte endlos weitergef\u00fchrt werden und macht deutlich, das die Inanspruchnahme von Beratung im SGB II- und SGB XII-Leistungsbezug ausgesprochen empfehlenswert ist.<\/p>\n\n\n\n<p>SGB II- und SGB XII-Leistungsberechtigte k\u00f6nnen ihre Bescheide kostenlos durch die offenen Hartz4-Beratungen der mit der BG45 (Hartz4-Netzwerk-Essen e.V.) kooperierenden Rechtsanw\u00e4lte \u00fcberpr\u00fcfen und sich zu Problemen mit dem JobCenter beraten lassen. BG45 e.V. kooperiert seit Bestehen der Initiative ausschlie\u00dflich mit Fachanw\u00e4lten f\u00fcr Sozialrecht. Betreiber der Beratungsstelle und rechtlich f\u00fcr die Beratung verantwortlich ist der jeweilige Rechtsanwalt.<\/p>\n\n\n\n<h3 class=\"wp-block-heading\">Termine<\/h3>\n\n\n\n<p><strong>OFFENE B\u00dcRGERGELD-RECHTSBERATUNG Innenstadt<\/strong><br>Jeden Dienstag &#8211; Rechtsanwalt <a href=\"http:\/\/www.hartz4-beratung.de\/\" target=\"_blank\" rel=\"noopener\">Carsten Dams, Fachanwalt f\u00fcr Sozialrecht<\/a><br>13.30 bis 16.30 Uhr<br>B\u00fcro der BG45 (Heinz-Renner-Haus) \u2013 Severin Str. 1, 45127 Essen<\/p>\n\n\n\n\n\n<p><strong>OFFENE B\u00dcRGERGELD-RECHTSBERATUNG Kray<\/strong><br>Jeden Mittwoch &#8211; Rechtsanwalt <a href=\"http:\/\/www.hartz4-beratung.de\/\" target=\"_blank\" rel=\"noopener\">Carsten Dams, Fachanwalt f\u00fcr Sozialrecht<\/a><br>10.30 bis 12.30 Uhr<br>Begegnungszentrum Kraysel, Essen-Kray &#8211; Heinrich-Sense-Weg 25, 45307 Essen<\/p>\n\n\n\n\n\n<p><strong>OFFENE B\u00dcRGERGELD-RECHTSBERATUNG Zentrum<\/strong><br>Jeden Mittwoch &#8211; Rechtsanwalt <a href=\"http:\/\/www.hartz4-beratung.de\/\" target=\"_blank\" rel=\"noopener\">Carsten Dams, Fachanwalt f\u00fcr Sozialrecht<\/a><br>13.30 bis 15.30 Uhr<br>Weigle-Haus, ev. Jugend- und Gemeindehaus &#8211; Hohenburgstra\u00dfe 96, 45128 Essen<\/p>\n\n\n\n\n\n<p><strong>OFFENE B\u00dcRGERGELD-RECHTSBERATUNG Horst<\/strong><br>Jeden Donnerstag &#8211; Rechtsanwalt <a href=\"http:\/\/www.hartz4-beratung.de\/\" target=\"_blank\" rel=\"noopener\">Carsten Dams, Fachanwalt f\u00fcr Sozialrecht<\/a><br>9.30 bis 12.00 Uhr<br>B\u00fcrgerladen H\u00f6rsterfeld &#8211; Mierendorffweg 9, 45279 Essen<\/p>\n\n\n\n\n\n<p><strong><strong>OFFENE B\u00dcRGERGELD-RECHTSBERATUNG Steele<\/strong><br><\/strong>Jeden Freitag &#8211; Rechtsanwalt <a href=\"http:\/\/www.hartz4-beratung.de\/\" target=\"_blank\" rel=\"noopener noreferrer\">Carsten Dams, Fachanwalt f\u00fcr Sozialrecht<strong><br><\/strong><\/a>9.00 bis 12.00 Uhr<br>Evgl. Gemeindezentrum K\u00f6nigssteele &#8211; Kaiser-Wilhelm-Str. 39, 45276 Essen<\/p>\n\n\n\n\n\n<p><strong>OFFENE B\u00dcRGERGELD-RECHTSBERATUNG Borbeck<\/strong><br>Jeden Freitag \u2013 Rechtsanwalt Jan H\u00e4u\u00dfler, Fachanwalt f\u00fcr Sozialrecht<br>9.00 bis 11.00 Uhr<br>Sozialp\u00e4dagogische Familienhilfe e.V. \u2013 Borbecker Platz 5, 45355 Essen<\/p>\n\n\n\n\n\n<p>Prinzipiell ist es auch m\u00f6glich, mit seinem Anliegen direkt zu einem Rechtsanwalt seiner Wahl zu gehen. Hierzu braucht man einen Beratungshilfeschein, den man beim zust\u00e4ndigen Amtsgericht beantragen muss. Mit diesem Schein entstehen Ihnen h\u00f6chstens 15 \u20ac Kosten f\u00fcr die Beratung. Wir verweisen hierzu auf die Rubrik <a title=\"Downloads\" href=\"http:\/\/www.bg45.de\/index.php\/downloads\/\">Download<\/a>s und auf die Webseiten der mit uns kooperierenden Rechtsanw\u00e4lte.<\/p>\n","protected":false},"excerpt":{"rendered":"<p>Wer seine Rechte nicht wahrnimmt, verliert sie! Die Zahl der Leistungsberechtigten in Essen schwankt seit 2005, der Einf\u00fchrung der Agenda 2010, bis heute zwischen 80.000 und 82.000 (Letzter Stand von 2013). Zu dieser Zahl kommen noch ca.&nbsp;7.500 SGB&nbsp;XII-Leistungsbezieher (also Grundsicherung im Alter). Ein gro\u00dfer Teil der Bescheide ist falsch berechnet,&#8230; <a class=\"continue-reading-link\" href=\"http:\/\/www.bg45.de\/index.php\/rat-tat\/beratung\/\"> Weiterlesen <span class=\"meta-nav\">&rarr; <\/span><\/a><\/p>\n","protected":false},"author":8,"featured_media":0,"parent":2742,"menu_order":41,"comment_status":"closed","ping_status":"closed","template":"","meta":{"footnotes":""},"class_list":["post-2746","page","type-page","status-publish","hentry"],"_links":{"self":[{"href":"http:\/\/www.bg45.de\/index.php\/wp-json\/wp\/v2\/pages\/2746","targetHints":{"allow":["GET"]}}],"collection":[{"href":"http:\/\/www.bg45.de\/index.php\/wp-json\/wp\/v2\/pages"}],"about":[{"href":"http:\/\/www.bg45.de\/index.php\/wp-json\/wp\/v2\/types\/page"}],"author":[{"embeddable":true,"href":"http:\/\/www.bg45.de\/index.php\/wp-json\/wp\/v2\/users\/8"}],"replies":[{"embeddable":true,"href":"http:\/\/www.bg45.de\/index.php\/wp-json\/wp\/v2\/comments?post=2746"}],"version-history":[{"count":92,"href":"http:\/\/www.bg45.de\/index.php\/wp-json\/wp\/v2\/pages\/2746\/revisions"}],"predecessor-version":[{"id":11947,"href":"http:\/\/www.bg45.de\/index.php\/wp-json\/wp\/v2\/pages\/2746\/revisions\/11947"}],"up":[{"embeddable":true,"href":"http:\/\/www.bg45.de\/index.php\/wp-json\/wp\/v2\/pages\/2742"}],"wp:attachment":[{"href":"http:\/\/www.bg45.de\/index.php\/wp-json\/wp\/v2\/media?parent=2746"}],"curies":[{"name":"wp","href":"https:\/\/api.w.org\/{rel}","templated":true}]}}